{"id":124,"date":"2016-07-15T12:32:50","date_gmt":"2016-07-15T10:32:50","guid":{"rendered":"http:\/\/www.noa.bart.sk\/newWeb\/?page_id=124"},"modified":"2025-09-26T09:03:00","modified_gmt":"2025-09-26T07:03:00","slug":"nasa-redakcia","status":"publish","type":"page","link":"https:\/\/noa.bart.sk\/index.php\/nasa-redakcia\/","title":{"rendered":"Na\u0161a redakcia"},"content":{"rendered":"<p>1. Filip Mikita 1.C<\/p>\n<p>2. Matej Li\u010d\u00e1k 1.C<\/p>\n<p>3. Emma Kle\u0161\u010dinsk\u00e1 1.D<\/p>\n<p>4. Jozef Mih\u00f3k 1.D<\/p>\n<p>5. Patrik Doro\u0161 3.B<\/p>\n<p>6. Lenka Gro\u0148ov\u00e1 3.D<\/p>\n<p>7. Karin Hajdu\u010dkov\u00e1 3.B<\/p>\n<p>8. Michaela Makov\u00e1 3.B<\/p>\n<p>9. Al\u017ebeta Luka\u010dkov\u00e1 3.B<\/p>\n<p>10. Luk\u00e1\u0161 \u0160afran 3.B<\/p>\n<p>11. Nat\u00e1lia Szmolkov\u00e1 3.C<\/p>\n<p>12. Vikt\u00f3ria Szewczyk 3.C<\/p>\n\n\n\n<p><\/p>\n","protected":false},"excerpt":{"rendered":"","protected":false},"author":1,"featured_media":0,"parent":0,"menu_order":0,"comment_status":"closed","ping_status":"closed","template":"","meta":{"footnotes":""},"_links":{"self":[{"href":"https:\/\/noa.bart.sk\/index.php\/wp-json\/wp\/v2\/pages\/124"}],"collection":[{"href":"https:\/\/noa.bart.sk\/index.php\/wp-json\/wp\/v2\/pages"}],"about":[{"href":"https:\/\/noa.bart.sk\/index.php\/wp-json\/wp\/v2\/types\/page"}],"author":[{"embeddable":true,"href":"https:\/\/noa.bart.sk\/index.php\/wp-json\/wp\/v2\/users\/1"}],"replies":[{"embeddable":true,"href":"https:\/\/noa.bart.sk\/index.php\/wp-json\/wp\/v2\/comments?post=124"}],"version-history":[{"count":26,"href":"https:\/\/noa.bart.sk\/index.php\/wp-json\/wp\/v2\/pages\/124\/revisions"}],"predecessor-version":[{"id":2386,"href":"https:\/\/noa.bart.sk\/index.php\/wp-json\/wp\/v2\/pages\/124\/revisions\/2386"}],"wp:attachment":[{"href":"https:\/\/noa.bart.sk\/index.php\/wp-json\/wp\/v2\/media?parent=124"}],"curies":[{"name":"wp","href":"https:\/\/api.w.org\/{rel}","templated":true}]}}